0 = -247*k. What is the highest common factor of k and 80?
80
Suppose 0 = o - 3 + 9. Let z be ((-12)/(-5))/(o/(-60)). Calculate the highest common divisor of 12 and z.
12
Suppose -7*c - 56*c + 189 = 0. Suppose -c*b + 13 + 62 = 4*f, 5*b - 41 = -2*f. Let x = 389 - 227. Calculate the highest common factor of f and x.
18
Let i = -1615 - -1625. Calculate the greatest common divisor of i and 985.
5
Let p = -1799 - -2631. Suppose -826*k + p*k - 54 = 0. What is the greatest common divisor of 2 and k?
1
Let z = 8 - -10. Suppose -7*n + 143 = -z. Suppose 2*h - i + 0 = 19, h - 5*i = n. What is the highest common divisor of h and 1?
1
Suppose -j + 0*c + 2*c + 107 = 0, 2*j - 3*c = 216. Calculate the greatest common divisor of 74 and j.
37
Let n = -21748 - -22692. What is the greatest common factor of n and 224?
16
Let j(z) = -4*z**3 - 5*z**2 - 18*z + 10. Let r be 515/(-412)*1*4. Let k be j(r). Calculate the highest common factor of 19 and k.
19
Let j(b) = b**2 - 16*b - 25. Let l be j(-10). Let o = 471 - l. Let y be 4*(-2)/(-60) + o/30. Calculate the highest common divisor of 4 and y.
4
Let q(y) = 6*y + 6*y**2 + 9*y**2 - 4 + 0*y - y**3 - 11*y**2. Let s be q(5). Let h(m) = 14*m**2. Let b be h(s). What is the highest common factor of b and 154?
14
Let x(y) be the third derivative of 2*y**5/3 - y**4/6 - 2*y**3/3 - 2*y**2 - 7. Let a be x(-1). What is the greatest common factor of 25 and a?
5
Let a(s) = 2*s**3 - 139*s**2 + 201*s + 349. Let k be a(68). What is the highest common divisor of 25 and k?
5
Suppose -169 = 1820*a - 1833*a. What is the highest common factor of 1053 and a?
13
Let j(x) = 14*x - 1. Let c be j(2). Let w = 78 - 43. Suppose 3*n - 75 = -3*z, -n + 7*z + w = 3*z. Calculate the highest common factor of c and n.
27
Let r(x) = x**3 + 30*x**2 - 8. Let d be r(-30). Let a(j) = -j**3 - 6*j**2 + 15*j + 2. Let u be a(d). What is the greatest common factor of 85 and u?
5
Suppose 6*t + 74746 = -11*t + 24*t. Calculate the highest common factor of t and 19.
19
Let s(p) = -11*p**3 + 12*p**2 + 31*p + 6. Let f be s(-3). What is the greatest common factor of 102 and f?
6
Suppose -2*p + 1476 = 7*u - 3*u, -4*p + 5*u = -2965. Suppose -p = 5*d - 9*d. What is the greatest common factor of 111 and d?
37
Suppose 21*z - 28469 = 4*g, 2*z - 2693 = -25*g + 28*g. Calculate the highest common factor of 46 and z.
23
Let f be 22/(28/44618 - 0). Calculate the highest common factor of 11 and f.
11
Suppose -3*l - 680 = -8*l. Suppose -18*v + 9984 = 6*v. Let a = v - l. What is the highest common factor of 28 and a?
28
Let l(b) = b**3 - 48*b**2 - 33*b - 694. Let y be l(49). Calculate the greatest common factor of 144 and y.
18
Let x be 15 - ((-36)/1 - -12). Calculate the greatest common divisor of 10504 and x.
13
Let y(d) = -d**3 + 6*d**2 - 2*d - 1. Let l be y(2). Suppose 0*q - 200 = -2*q. Suppose 94*n - q*n + 66 = 0. What is the greatest common factor of l and n?
11
Suppose 2*r = -v - v + 20, -5*v - 28 = -r. Let d(b) = 61*b**2 - 2864*b - 24. Let o be d(47). What is the highest common divisor of r and o?
13
Let l(k) = 2*k**3 - 176*k**2 + 355*k - 795. Let v be l(86). What is the greatest common divisor of v and 27?
1
Suppose 4*k - 2*z = -5*z + 33, 0 = -2*z - 2. Suppose 4 = 2*p - 2. Suppose -6*b + b + 144 = p*v, 0 = 3*v - 9. What is the greatest common factor of b and k?
9
Let p = 320 + -231. Let w = p + 67. What is the greatest common factor of w and 6?
6
Suppose 2*d - 5170 + 550 = 0. Calculate the greatest common factor of 294 and d.
42
Let f be (2 - 4)/(14/(-1960)). Let k = f - 278. What is the greatest common factor of k and 18?
2
Suppose -77 = 3*v + 4*d - 489, 0 = -5*v + 3*d + 677. Calculate the highest common factor of v and 104.
8
Let w(z) = -39*z - 762. Let x be w(-20). Suppose 181 = -2*t + u, 0*u + 353 = -4*t + 5*u. Let c be 12/x - t/6. Calculate the highest common divisor of 16 and c.
16
Suppose 16*v = 15*v + 560. Suppose -6*c + v = 68. Let f = c - 66. What is the highest common divisor of 128 and f?
16
Let p be 6930/(-140)*(-4)/3 - -3. What is the greatest common divisor of 2553 and p?
69
Suppose 0 = -2*k - 5*z + 3435 + 14681, 0 = -2*z + 8. Calculate the highest common divisor of k and 52.
52
Suppose -469 = 7*y - 119. Let f = y + 77. Suppose 23 = -2*d + f. Calculate the highest common factor of d and 3.
1
Suppose 147 = -9*s - 312. Let f be 2456/68 - (-6)/s. What is the highest common divisor of 54 and f?
18
Let m be 557 - (2/(-7))/((-51)/1071). What is the highest common divisor of m and 58?
29
Let j(n) = -n**2 + 11*n - 6. Let l be j(13). Let x = -11 - l. Suppose -5*t + 19 + x = 0. Calculate the greatest common divisor of t and 16.
8
Let i = 239 - 308. Let k = i - -229. Calculate the highest common factor of k and 60.
20
Suppose -4*n - 186 = -8*n + 2*v, 4*v - 168 = -4*n. Calculate the greatest common factor of n and 15.
15
Let n = -17603 + 17939. What is the greatest common divisor of n and 378?
42
Let j be 45/(((-147)/(-28))/7). Suppose 4*a + j = 4*f - a, 0 = 5*f + 2*a - 75. What is the greatest common factor of f and 10?
5
Let o(m) = 2863*m**2 + 2266*m - 9069. Let q be o(4). Calculate the highest common divisor of q and 163.
163
Suppose x - 40 = 5*x. Let a = -7 - x. Suppose 3*r = -5*h + 33, -h + 2*r - 10 = -a*h. What is the greatest common divisor of 9 and h?
9
Let i = -35119 + 39119. What is the greatest common divisor of i and 96?
32
Suppose -93 = 3*r - 3*u, r - 4*r + u = 93. Let t = r + 47. Calculate the highest common divisor of 32 and t.
16
Let x be ((-3405)/(-10))/(10/4 - 1). Suppose -109 = -8*m + x. Suppose 0 = -11*w + 24 + m. Calculate the greatest common divisor of w and 6.
6
Suppose 2*h + m - 20 = 0, h - 3*m = -4*m + 11. Let c be h/3*959/(-21). Let i = c - -182. What is the greatest common divisor of 18 and i?
9
Let u(t) = 17*t**3 + 2*t**2 - 1. Let j be u(1). Let q(m) = -m**3 + 14*m - 17. Let n be q(-5). Calculate the greatest common divisor of j and n.
2
Suppose 5*i + 8*b - 5*b = 192, 0 = 5*i + 4*b - 196. Let d(h) = 5*h - 102. Let n be d(21). Calculate the highest common divisor of n and i.
3
Let j = 130 + -128. Suppose 4*m + 5*l - 218 = 0, -2*l - 131 = -j*m - 31. Calculate the greatest common divisor of 208 and m.
52
Suppose 1073 - 263 = 5*j. Let t = j - 144. Calculate the highest common factor of t and 36.
18
Suppose -2*m + 13 = -99. Suppose -m*c = -61*c + 75. What is the greatest common divisor of 10 and c?
5
Let h(k) = 4. Let t(w) = -w + 204. Let p(q) = h(q) + t(q). Let i be p(0). Calculate the greatest common divisor of 48 and i.
16
Let u be 45610/(-16)*12/(-30) - 16/64. Calculate the highest common factor of u and 60.
60
Let o(x) = 3*x**2 + 2*x + 1. Let c be o(-1). Suppose -c*g - 14 = -12. Let y be g*(-9)/(-3) - -35. What is the greatest common divisor of y and 64?
32
Let x be 3 + -8 + 43 + -5. Let n be x/55*-82*10/(-3). What is the greatest common divisor of n and 4?
4
Suppose 2*u + 2*o - 38 = 0, 3*u + 94*o = 93*o + 41. Calculate the highest common factor of u and 7997.
11
Let b(u) = -u**3 - 80*u**2 - 58*u - 558. Let r be b(-80). What is the greatest common factor of r and 52?
26
Let y = -256 - -409. Suppose 2*s - y = -0*c + c, -6*s + c = -453. Calculate the highest common divisor of 5 and s.
5
Suppose 4*u + 6 = -h, 10*u - 9*u + 10 = 4*h. Suppose 4*v - 177 = -n, -h*n + 210 = 5*v + 3*n. What is the greatest common factor of 117 and v?
9
Suppose 17*j - 30 = -q + 12*j, -3*q - 5*j + 40 = 0. Suppose -130 = -3*r - q*n, 2*n + 2*n = -5*r + 221. Calculate the greatest common factor of r and 72.
9
Let d = -440 + 442. Suppose -t = 4*a - 12, -d*t + 69 = -17*a + 16*a. What is the highest common factor of 40 and t?
8
Suppose 2*w + 14 = 5*m, w + 3 = m + 2. Suppose 3*l - 110 = -w*f + 190, -4*f + 5*l + 391 = 0. Calculate the highest common divisor of f and 11.
11
Suppose 5*m - 128 = m. Let z = 35 - m. Let d be 7 - z - (-22 - -2). Calculate the highest common divisor of d and 168.
24
Suppose 0 = k - 33 + 1. Let y(h) = 8*h - 21. Let p be y(4). Let x = 59 - p. What is the highest common divisor of x and k?
16
Let g(l) = -l**2 - 66*l - 660. Let q be g(-22). What is the highest common factor of q and 3520?
44
Let g = 19218 + -15936. What is the highest common divisor of 4 and g?
2
Let h be (-2)/2 + (-3 - 935). Let v be h/(-9) - 2/(-3). Let t = -297706 + 297721. What is the